l + 41. Let p be m(29). Suppose -12362 = -2*a - p*a. What are the prime factors of a?
883
Suppose -o + 14 = -4*m, -m - 2*m = 4*o + 20. Let q(f) = -3*f - 13. Let a be q(m). List the prime factors of 0 + 0 - 11*a.
11
Let g = 99579 - 44697. List the prime factors of g.
2, 3, 3049
Suppose 7*d + 932 = 120. Let s = d + 141. What are the prime factors of s?
5
Suppose -6*t = -t + 1425. Let j be (-3)/(-4) - t/(-60). What are the prime factors of (-57)/12 - -5 - 555/j?
139
Let w be 3/((-34745)/(-5790) - 6). Suppose -6*o - 834 + w = 0. What are the prime factors of o?
2, 5, 11
Let r = 16 - -8. Suppose -s = 5*s - r. Suppose 13 = -s*h + 265. List the prime factors of h.
3, 7
Let q = 1217 - -1403. Let l = q - 1360. What are the prime factors of l?
2, 3, 5, 7
Let v be 3*2*(153/(-18) - -9). Suppose 2*k + m - 3940 = -2*k, m = v*k - 2948. List the prime factors of k.
2, 3, 41
Let b(p) = 92*p**2 + 26*p + 92. What are the prime factors of b(-7)?
2, 47
Let p = -41 - -39. Let k be 3/(p - 1226/(-610)). Let w = k + -216. What are the prime factors of w?
89
Let n be 2727 + (-11 - -3)/4. Suppose 0 = 56*r - 51*r - n. List the prime factors of r.
5, 109
Suppose 0 = 4*l - 4*u - 47612, -5*l + 43271 + 16250 = u. List the prime factors of l.
2, 3, 31
What are the prime factors of (-10*1)/(47725/7955 + (3 - 9))?
2, 5, 37, 43
Suppose 0 = j + 4*l - 3215, -5*j + 6861 + 9109 = -l. Let s = j - 1994. What are the prime factors of s?
1201
Let b be ((-41)/(-123))/((-134)/(-132) - 1). Suppose -8*o = -b*o + 14. What are the prime factors of (-1120)/64*(-5 - o)?
3, 5, 7
Let d be -2 + -1*(1 - 3 - 395). Let y = d + 1093. What are the prime factors of y?
2, 3, 31
Let b be (-98)/(-12) + 25/30. List the prime factors of (2 - b - -15) + 1251.
1259
Let l(u) = -1051*u - 552. List the prime factors of l(-7).
5, 1361
Let t(s) = 3*s + 27. Let u be t(-8). Let b be 45/6 - u - 1/2. Suppose b*z - 389 = 143. List the prime factors of z.
7, 19
Let z(o) = -o. Let j(d) = -12*d + 45. Let y(r) = -j(r) - z(r). Let c be y(9). Suppose -36*b - c = -38*b. List the prime factors of b.
2, 3
Let q = 10 + -10. Suppose 2*o - 538 - 502 = q. What are the prime factors of o?
2, 5, 13
Suppose -3 = -l - 2. Suppose -o - 3*f - 20 + 12 = 0, 3*o = f + 6. List the prime factors of l + o - (-94 - 1).
97
Let a(n) = -4*n + 9. Let m be a(6). Let c be (-3)/m - (-538)/10. List the prime factors of -39*(-21)/c - 2/12.
3, 5
Suppose -d = -3*a + 43130, 2*a + 9926 - 38698 = -4*d. List the prime factors of a.
2, 7, 13, 79
Suppose -32*d + 287570 + 7270 = -29320. What are the prime factors of d?
2, 5, 1013
Let v be 38/10 - 12/(-60). Let n(y) = -y**2 + 6 + 15*y + 4*y - v*y. List the prime factors of n(10).
2, 7
Let d(g) = 3*g**2 - 54*g - 220. Let l be d(-5). Let x be -6 + 3 + (0 - 49). Let f = x + l. List the prime factors of f.
73
Let j(k) = -5. Let l(h) = -58*h - 101. Let n(a) = -6*j(a) + l(a). List the prime factors of n(-21).
31, 37
Suppose 70 - 22 = 5*g - 4*j, 45 = 5*g - 5*j. Suppose -3*l - 239 = 4*n, -5*n = -2 + g. Let y = l + 135. What are the prime factors of y?
2, 29
Let p(m) be the third derivative of m**6/30 - m**5/60 + m**4/24 - 4*m**3/3 + 6*m**2. List the prime factors of p(4).
2, 59
Suppose -15*p + 219235 = 5*f - 10*p, 2*f - 87700 = -p. List the prime factors of f.
43853
Let x = 2086 + -394. Suppose 5*d - x = -d. List the prime factors of d.
2, 3, 47
Let z(o) = 4*o - 24. Let f be 2*1/((-4)/(-230)). Let l = f - 85. What are the prime factors of z(l)?
2, 3
List the prime factors of ((-66729)/(-29))/(3/5).
5, 13, 59
Let j = 59841 + -39587. List the prime factors of j.
2, 13, 19, 41
Let a(r) = 2*r**2 + 2*r - 13. Suppose 10*i - 3*i = 21. Suppose 2*y = -3*s + 17, 8*y - 29 = i*y - 3*s. What are the prime factors of a(y)?
3
Let t = -62 + 17. Let s be -51*8/96*-6*6. Let w = t + s. List the prime factors of w.
2, 3
Let d = -258 - -262. Suppose -515 = d*w - 2099. What are the prime factors of w?
2, 3, 11
Let o = 6684 + -4870. What are the prime factors of o?
2, 907
Suppose 18*i - 16*i - 4427 = 6073. What are the prime factors of i?
2, 3, 5, 7
Let y be (-2 + 2)*(3 + 5/(-2)). Suppose 6*c - 5*c - 455 = y. List the prime factors of c.
5, 7, 13
Let q = -34 - -40. Suppose -q*c + 195 + 231 = 0. Let t = -44 + c. What are the prime factors of t?
3
Let n = 21 - 13. Let u be 0 - (42 - (5 - n)). List the prime factors of 33*3*(-5)/u.
11
Let i = 13837 - 7796. What are the prime factors of i?
7, 863
Let h = -726 + 105. Let y = h + 1195. What are the prime factors of y?
2, 7, 41
List the prime factors of (-36)/(-33) + -1 - (-228842)/22.
2, 7, 743
Suppose 2 = -6*g + 7586. Suppose -31*p + g = -27*p. What are the prime factors of p?
2, 79
Suppose 0 = -4*q + 5*q - 52. Let c be q/3 - (-2)/3. Let r = 29 + c. What are the prime factors of r?
47
Let x = -8633 + 4455. Let v = -2897 - x. List the prime factors of v.
3, 7, 61
Let g be 9 - ((-8)/(-2) + 0). Suppose g*x + 219 = -c, -109 = 3*x + 2*c - 7*c. Let r = x + 110. List the prime factors of r.
67
Suppose -n = 5*w - 192004, -13*w + 5*n + 38380 = -12*w. List the prime factors of w.
2, 3, 5
Let j(i) = -i - 1. Let f(s) = -6*s - 81. Let q(h) = f(h) + 4*j(h). Suppose -3528*t + 3540*t = -240. What are the prime factors of q(t)?
5, 23
Let n be 4 + -3 + (-1)/(-1). Let o(m) = -5*m**2 + 5. Let q be o(n). Let h(b) = 2*b**2 + 19*b - 38. List the prime factors of h(q).
127
Let v be -4 - ((-6)/(-12))/((-3)/126). Let t = v - -139. List the prime factors of t.
2, 3, 13
Let s(v) = 3*v**3 + 20*v**2 + 2*v + 11. Let g(o) = o - 11. Suppose 2*p + 5 = -t, p - 2 - 13 = -4*t. Let y be g(t). List the prime factors of s(y).
71
Let u be 3 + -4 + 3 + -2. Suppose 2*t = -u*t + 70. Suppose -31*a - 160 = -t*a. List the prime factors of a.
2, 5
List the prime factors of (12/10)/((-19)/(-68305)).
2, 3, 719
Suppose 56*r - 103333 = -17*r - 3542. List the prime factors of r.
1367
Let y = -2877 - -4329. Suppose 5*b - y = -17*b. List the prime factors of b.
2, 3, 11
Suppose 9*o + 10*o = 22382. Let h = -671 + o. List the prime factors of h.
3, 13
Let p(i) = -114*i + 1926. List the prime factors of p(-59).
2, 3, 7, 103
Suppose -24*l + 21*l + 219 = 0. Let i = -64 + l. List the prime factors of (i + -98)/((-2)/2).
89
Suppose 17042 = 2*s - 4*i, 279 - 42848 = -5*s - 8*i. What are the prime factors of s?
3, 17, 167
Let p be (-1)/(-5) + 98/35. Suppose -3*j - p*x + 62 + 115 = 0, -4*j + 4*x = -252. What are the prime factors of j?
61
Let y = 19932 - 14341. What are the prime factors of y?
5591
Let r(j) = -5*j**3 - j**2 - j - 1. Let y be r(-1). Let d = -261 - -289. Suppose -4*m - z + 12 = 4*z, -y*m = z - d. List the prime factors of m.
2
Suppose 0 = -2*s + 3*s. Suppose 2*z + s*z + 4 = 0. What are the prime factors of ((-295)/(-2))/(-5)*z?
59
Suppose 3*k = 2*x + 56134, -342*x = 2*k - 346*x - 37428. What are the prime factors of k?
2, 5, 1871
Let l(q) = 9 + 0 + 108*q**2 - 53*q**2 + 10*q - 53*q**2. Let v be -10 - (-4 + -1 + 3). List the prime factors of l(v).
3, 19
Let q be 244/(-1)*(-468)/208. Let b = 943 - q. List the prime factors of b.
2, 197
Suppose 0 = -4*g + 3*d + 1770, 0*d + 5*d - 10 = 0. Let j be (-1)/(-3)*1*15. Suppose -429 = -j*h + 2*y, 4*h + g = 9*h + 3*y. List the prime factors of h.
3, 29
Suppose -33 + 37 = -4*t, -63 = -i - 2*t. Let o = -40 - -149. Let l = i + o. What are the prime factors of l?
2, 3, 29
Let u = 162 - 158. List the prime factors of (u/3 - (-14)/(-6)) + 221.
2, 5, 11
Suppose 873452 = 57*z - 341959. What are the prime factors of z?
21323
Suppose -11*c + 19*c - 23144 = 0. Suppose c = 4*k - 1695. What are the prime factors of k?
31, 37
Let j = -140 + 122. Suppose 3*o = v + 107, 1 = -2*v + 3*v. What are the prime factors of o/(-162) - 1912/j?
2, 53
Suppose 5*u + 61 = -2*d + 10, -12 = 2*u - 2*d. Let m be ((-532)/(-21))/(3/u). Let y = m + 222. List the prime factors of y.
2, 73
Let b(z) = -4*z**3 + 3*z + 1. Let j be 36/(-9) - (0 + -1). Let q be b(j). Suppose 5*p = 400 - q. What are the prime factors of p?
2, 3, 5
What are the prime factors of (10979491/222 - -44) + (-10)/(-12) + -1?
59, 839
Let n(v) = -1626*v - 91. Let w be n(-16). Suppose -15*c + w = 1400. What are the prime factors of c?
3, 5, 109
Let d(t) = -3*t**2 + 25*t - 21. Let s be d(5). Suppose -s*y = -15*y - 7742. What are the prime factors of y?
7, 79
Let y(q) = 423*q + 1017